{"id":395625,"date":"2025-10-06T00:00:00","date_gmt":"2025-10-05T15:00:00","guid":{"rendered":"https:\/\/chunanagodvd2023.com\/store\/product\/%e6%94%be%e8%aa%b2%e5%be%8c%e3%80%81%e5%a4%95%e7%ab%8b%e5%90%9b%e3%81%a8%e5%83%95%e3%80%82-%e5%b7%9d%e5%8f%a3%e5%bd%a9%e5%a4%8f\/"},"modified":"2025-10-07T13:40:00","modified_gmt":"2025-10-07T04:40:00","slug":"%e6%94%be%e8%aa%b2%e5%be%8c%e3%80%81%e5%a4%95%e7%ab%8b%e5%90%9b%e3%81%a8%e5%83%95%e3%80%82-%e5%b7%9d%e5%8f%a3%e5%bd%a9%e5%a4%8f","status":"publish","type":"product","link":"https:\/\/chunanagodvd2023.com\/store\/product\/%e6%94%be%e8%aa%b2%e5%be%8c%e3%80%81%e5%a4%95%e7%ab%8b%e5%90%9b%e3%81%a8%e5%83%95%e3%80%82-%e5%b7%9d%e5%8f%a3%e5%bd%a9%e5%a4%8f\/","title":{"rendered":"\u653e\u8ab2\u5f8c\u3001\u5915\u7acb\u2026\u541b\u3068\u50d5\u3002\/\u5ddd\u53e3\u5f69\u590f"},"content":{"rendered":"","protected":false},"excerpt":{"rendered":"<p>\u30a2\u30a4\u30c9\u30eb\u30d5\u30a7\u30a4\u30b9\u3068\u30e2\u30c7\u30eb\u4e26\u306e\u30b9\u30bf\u30a4\u30eb\u3092\u6301\u3064\u300c\u5ddd\u53e3\u5f69\u590f\u300d\u3061\u3083\u3093\u306e\u3001\u4f53\u306e\u9685\u3005\u307e\u3067\u63a5\u5199\u3059\u308b\u65b0\u4f5c\u304c\u767b\u5834\uff01\u900f\u3051\u900f\u3051\u306e\u2605\u306f\u5f53\u305f\u308a\u524d\u3001\u3053\u308c\u307e\u3067\u672a\u516c\u958b\u3060\u3063\u305f\u00d7\u00d7\u00d7\u306b\u3082\u30ba\u30fc\u30e0\u30a4\u30f3\uff01 \u5c0f\u3055\u306a\u30d1\u30f3\u30c4\u306e\u30af\u30ed\u30c3\u30c1\u306b\u8fd1\u3065\u304f\u3068\u3001\u4f55\u3084\u3089\u52d5\u304f\u81a8\u3089\u307f\u304c\uff1f\uff01 \u30d1\u30f3\u30c4\u306e\u4e2d\u306b\u2018\u30a2\u30ec\u2019\u3092\u4ed5\u8fbc\u307e\u308c\u3066\u2026 \u904e\u53bb\u6700\u9ad8\u306b\u6fe1\u308c\u3061\u3083\u3063\u3066\u307e\u3059\u306d\u3047\u2026\u3002<\/p>\n","protected":false},"featured_media":395626,"template":"","meta":{"_acf_changed":false},"product_brand":[],"product_cat":[821,18,271,17,15,337,36,19],"product_tag":[],"class_list":{"0":"post-395625","1":"product","2":"type-product","3":"status-publish","4":"has-post-thumbnail","6":"product_cat-b","7":"product_cat-genre","8":"product_cat-271","9":"product_cat-mfr","10":"product_cat-sku","11":"product_cat-337","12":"product_cat-36","13":"product_cat-looks","15":"first","16":"instock","17":"purchasable","18":"product-type-simple"},"acf":[],"_links":{"self":[{"href":"https:\/\/chunanagodvd2023.com\/store\/wp-json\/wp\/v2\/product\/395625","targetHints":{"allow":["GET"]}}],"collection":[{"href":"https:\/\/chunanagodvd2023.com\/store\/wp-json\/wp\/v2\/product"}],"about":[{"href":"https:\/\/chunanagodvd2023.com\/store\/wp-json\/wp\/v2\/types\/product"}],"wp:featuredmedia":[{"embeddable":true,"href":"https:\/\/chunanagodvd2023.com\/store\/wp-json\/wp\/v2\/media\/395626"}],"wp:attachment":[{"href":"https:\/\/chunanagodvd2023.com\/store\/wp-json\/wp\/v2\/media?parent=395625"}],"wp:term":[{"taxonomy":"product_brand","embeddable":true,"href":"https:\/\/chunanagodvd2023.com\/store\/wp-json\/wp\/v2\/product_brand?post=395625"},{"taxonomy":"product_cat","embeddable":true,"href":"https:\/\/chunanagodvd2023.com\/store\/wp-json\/wp\/v2\/product_cat?post=395625"},{"taxonomy":"product_tag","embeddable":true,"href":"https:\/\/chunanagodvd2023.com\/store\/wp-json\/wp\/v2\/product_tag?post=395625"}],"curies":[{"name":"wp","href":"https:\/\/api.w.org\/{rel}","templated":true}]}}